
Suppose 0 = -805*a + 766*a + 590785 + 10049. List the prime factors of a.
2, 7703
Let s(r) = r**3 - 2*r**2 - 10*r + 6. Let l be s(4). What are the prime factors of 6285/27 + (128/(-72) - l)?
233
Let k(o) = 6*o - o**3 - 11 + 4*o - 2*o**3 - 8 - 10*o**2. Let m be k(-12). List the prime factors of m/25 + 12/15.
5, 29
Let y(f) = -28*f - 12. Let a be y(-1). Let l = 206 - a. What are the prime factors of l?
2, 5, 19
Let h(r) = 380*r**2 - 26*r - 203. List the prime factors of h(-7).
7, 2657
List the prime factors of 492/(((-90)/(-768))/5).
2, 41
Suppose -5*j + 23560 = 5*h, 5*j = -4*h + 25000 - 1439. List the prime factors of j.
3, 1571
Let a = -3929 + 13559. What are the prime factors of a?
2, 3, 5, 107
Let c(k) = -k**3 + 12*k**2 + 16*k - 13. Let z(n) = -n**3 - 4*n**2 - n + 12. Let p be z(0). List the prime factors of c(p).
179
Let i be -6*((-20)/(-8))/5. Let h be (3/3*i)/(0 - 1). Suppose 450 = 5*u - 8*k + h*k, -474 = -5*u - 3*k. List the prime factors of u.
3, 31
Let b(q) = -6*q**2 - 2*q + 1. Let t be b(-5). Let m be (3 + (-20)/6)*(t - -1). Suppose w + m = 89. What are the prime factors of w?
43
Suppose -s + 4 = 0, -9*s = -5*x - 5*s + 39494. List the prime factors of x.
2, 3, 439
What are the prime factors of 7289 - (15/(-8 - -9) + -9)?
7283
Let h(s) be the first derivative of -32*s**2 - 58*s + 196. What are the prime factors of h(-14)?
2, 419
Let k(j) be the first derivative of -11*j**2/2 - 39*j - 662. Let c be (6*1)/(3/(-2)). What are the prime factors of k(c)?
5
What are the prime factors of ((24/21)/8)/((-3)/21)*-68802?
2, 3, 11467
Let s = 16804 - 8233. What are the prime factors of s?
3, 2857
Let t(k) = -23*k + 7. Let b be t(4). Let u = 203 - b. List the prime factors of u.
2, 3
Let s = -359 + 362. Suppose 0 = -5*f + 20, -s*b - b = -2*f - 3652. What are the prime factors of b?
3, 5, 61
Let l be 3/(-9)*(-2 + -1 - 6). Suppose l*x - 4*j = -2*j + 598, 4*x + j = 812. Suppose -5*c + x = a - 99, 2*a - 242 = -4*c. List the prime factors of c.
2, 3, 5
Let q(n) = 27*n**2 + 12*n - 890. List the prime factors of q(25).
5, 3257
Let a(s) = -5*s**2 + 12*s - 35. Let w be a(8). Let z = w + 352. What are the prime factors of z?
3, 31
Let q be 15/(-6)*6*-1. Let w = -11 + q. What are the prime factors of (79 - w) + (3 - 1)?
7, 11
What are the prime factors of (0 - (-2139)/(-1))*6160/(-660)?
2, 7, 23, 31
Let x(o) = -o**3 + 5*o**2 + 8*o - 10. Let l be x(6). Suppose 3*j - 1465 = -l*j + 5*s, s + 1445 = 5*j. Suppose -2*a + j = a. What are the prime factors of a?
2, 3
Let x(t) = -85*t**2 + 7*t + 16. Let a(f) = 85*f**2 - 7*f - 16. Let h(n) = -5*a(n) - 6*x(n). List the prime factors of h(-2).
2, 13
Let f = -3997 + 6089. List the prime factors of f.
2, 523
Let s(k) = k**3 + 26*k**2 + 60*k - 62. Let q be s(-25). Let w = -384 - q. What are the prime factors of w?
7, 79
Let c be 3410/121 + (-4)/22. Suppose y - c = -7. Let d = 30 - y. List the prime factors of d.
3
Let h(k) = -331*k + 8. Let m be h(-1). Let z = -267 + m. List the prime factors of z.
2, 3
Let h(s) = 711*s - 913. List the prime factors of h(9).
2, 13, 211
Let r be 1202/((-5)/105*-6). Suppose 4*i - 2892 = -4*g, 5*i - 5*g = -592 + r. List the prime factors of i.
3, 241
Let p be (-1 - -2)/(-8 - (-57)/7). Suppose 0 = 12*q - p*q - 5*v - 160, v = -2*q + 61. List the prime factors of q.
31
Suppose -13*x - 18761952 = 170*x - 401*x. What are the prime factors of x?
2, 3, 11, 163
Let s(k) = 696*k**2 - 22*k + 292. List the prime factors of s(10).
2, 3, 2903
Let q(y) = 22*y**2 - 3*y - 30. Let a be q(-4). Suppose 0 = -a*w + 332*w + 1368. What are the prime factors of w?
2, 3, 19
What are the prime factors of 1*5*75663/35?
3, 1201
Let q(r) = -713*r**2 - r. Suppose 8*p - 1 = 7. Let n be q(p). What are the prime factors of 11/(-44) + n/(-8)?
89
Let m(l) = -11*l**2 + 17*l - 15. Let a be m(6). Let y = a - -543. Suppose -5*f = 4*i - y - 53, f = -4*i + 275. List the prime factors of i.
2, 17
What are the prime factors of (-1 - -8 - (-8)/(-12)*3) + 38456?
38461
Suppose -5500 = -5*x + 4*q, -2*q = 14*x - 17*x + 3300. List the prime factors of x.
2, 5, 11
Let j(g) = -10*g - 179*g**3 - 185*g**3 + 363*g**3 - 25*g**2 - 26. List the prime factors of j(-25).
2, 7
Suppose 2*c = 4*n + 22670, -45360 = -4*c + 19*n - 15*n. What are the prime factors of c?
5, 2269
Let f(t) = -t + 60. Let j be f(55). Suppose 2*b - 50 = -j*u + 11, -2*b - 4*u = -62. What are the prime factors of b?
3, 11
Let q = 3263 - 1572. What are the prime factors of q?
19, 89
Suppose 39 = 5*h - 191. Let f = h + 296. What are the prime factors of f?
2, 3, 19
Let n(o) = 20*o**2 + 114*o - 74. List the prime factors of n(-16).
2, 3, 179
Let q = 1681 - -3189. List the prime factors of q.
2, 5, 487
Let u be (-9)/(-2)*(-8)/(-12). Suppose -2*y + 540 = u*d - 57, 5*y = -4*d + 1482. Suppose 5*t = -49 + y. What are the prime factors of t?
7
Let t(g) = 20 - 48 - 14 - 28 - 219*g - 7. List the prime factors of t(-4).
17, 47
Let l = 8449 + 11545. What are the prime factors of l?
2, 13, 769
Let s(w) = 13*w + 19*w**2 - 6*w**2 - 9*w**2 - 6 + 21*w + 5*w. List the prime factors of s(15).
3, 17, 29
Suppose -31*s = 3*s - 102. List the prime factors of s*8/132 + 10224/33.
2, 5, 31
Let m(q) = 99*q**3. Suppose 5*d = v + 14, -4*v + 5*d - 1 = 10. List the prime factors of m(v).
3, 11
Let b(m) = -2*m**3 - 7*m**2 + 4*m + 12. Let a = 225 - 140. Let s = 80 - a. What are the prime factors of b(s)?
67
Let u(f) = f**3 + 8*f**2 + 14*f - 4. Let n be u(-5). Let h be 16569/49 + (-2)/14*n. Suppose 13*a - 15*a + h = 0. List the prime factors of a.
13
Let v = -11 - -13. Suppose -q + 4*a = q + 12, v*a - 10 = 0. Suppose -3*i - 4*s = -0*i - 71, -q*s - 65 = -5*i. List the prime factors of i.
17
List the prime factors of (10*359/5)/(-2 - 44/(-21)).
3, 7, 359
Suppose 16*g - 140*g = -23560. Suppose -6*z + 250 = -z. Let t = z + g. List the prime factors of t.
2, 3, 5
What are the prime factors of (-4)/(-26) - (-12703494)/2379?
2, 3, 5, 89
Suppose -4446 = -2557*t + 2555*t. Suppose 0 = -4*h + c + 1337 + 1639, -3*c - t = -3*h. What are the prime factors of h?
5, 149
Let k(y) = -y**3 - 13*y**2 + 25*y - 22. Let r be k(-18). Let d = r + -812. Let a = -95 + d. What are the prime factors of a?
241
Suppose 2*y - 8 = -4*i + 8, -16 = -4*i - 3*y. Suppose 801 = i*t - 1239. List the prime factors of t.
2, 3, 5, 17
Let o = 1393 - -4821. What are the prime factors of o?
2, 13, 239
Suppose 2*m + 3 = 15. Suppose -3*i + i + m = 0. Suppose -i*u = 3*u - 330. List the prime factors of u.
5, 11
Suppose j + 7 = 3*y - 0, -5*y = 4*j + 45. Let v(x) = 6*x**2 + 30*x + 27. List the prime factors of v(j).
3, 109
Let u(d) = 996*d**2 + d - 2. What are the prime factors of u(1)?
5, 199
Suppose 3*y - 4*a - 15143 - 198 = 0, 2*a + 25573 = 5*y. What are the prime factors of y?
3, 5, 11, 31
Suppose -3*x - 65*y + 63*y = -9639, 0 = 2*x - 3*y - 6413. What are the prime factors of x?
13, 19
Let w(d) = -d - 19. Let y be w(-19). Suppose -v - 5 = y, -v = -2*g - 3*v + 566. List the prime factors of g.
2, 3
Let i = 52 + 44. Suppose 0 = s - i + 28. What are the prime factors of s?
2, 17
Suppose 6 = 2*j + 3*g + 1, 3*j - 3*g = 45. Suppose j*f - 25*f = -840. List the prime factors of f.
2, 7
Let u be ((-2)/4)/(4/8). Suppose 0 = f + 28 - 9. Let n = u - f. List the prime factors of n.
2, 3
Let n = -2491 - -2694. List the prime factors of n.
7, 29
Suppose o = -o, -4*o = y + 146. Let t = 240 + y. Let b = -24 + t. List the prime factors of b.
2, 5, 7
Suppose -171*n = -177*n + 12. Suppose -n*y + 1738 = 2*x, 5 = 2*y - 5. List the prime factors of x.
2, 3
Suppose -3*o + 108 + 111 = 0. Let c = o + -17. Suppose 55*l + 207 = c*l. What are the prime factors of l?
3, 23
Let c be (-3)/(27/2289) + 8/(-12). Let d = 51 - c. Let w = 515 - d. List the prime factors of w.
11, 19
Let f(j) = 47*j**2 + 2*j + 1. Let h be f(-3). Suppose -1542 - h = -5*y. List the prime factors of y.
2, 7
Suppose -4*u + 2*v = -56098, -5*v = -u + 1474 + 12564. What are the prime factors of u?
37, 379
Let l(q) = -301*q**2 + 13*q + 72. Let s be l(-6). What are the prime factors of s/(-22) + -2 + 38/209?
491
Let v(s) = 8*s**2 + 2*s + 3. Let t(k) = k - 10. Let g be t(-9). Let q = -16 - g. List the prime factors of v(q).
3
Let b be ((-11)/(-22) + 14/(-12))*-15. Suppose 0 = -b*f + 765 + 625. List the prime factors of f.
1